= -5*x - 38. Let w = 13 + x. What is the units digit of w?
3
Let v(b) be the third derivative of -b**5/60 + b**4/12 - 5*b**3/6 - 7*b**2. Let n be v(6). Let c = n + 58. What is the tens digit of c?
2
Suppose 0 = 3*t + q - 27, 0 = 4*t - 2*q + 6*q - 44. Let z(c) = -3*c - 3. Let u be z(-17). Suppose l - u = t. What is the tens digit of l?
5
Let c(i) = 2*i**2 + 2*i. Let g(b) = b**3 - 6*b**2 + 4*b + 7. Let l be g(5). What is the units digit of c(l)?
2
Let h = 142 - 102. Suppose -2*o - h = -4*z, -4 - 12 = -z - o. What is the units digit of z?
2
Suppose -2*d + 74 = 4*v - 306, -5*v + 505 = -5*d. Suppose -c - v = 4*j, -2*j + c - 37 = 16. What is the tens digit of 5/j - 116/(-5)?
2
Let p = 7895 - 3856. What is the units digit of p?
9
Suppose 0 = 2*v + 12 - 142. What is the tens digit of v?
6
Suppose -10*x = -12 + 102. Let s(y) = -6*y - 28. What is the units digit of s(x)?
6
Let w(g) = -g - 6. Let b be w(-6). Suppose 2*l + b*l - 422 = -4*k, 4*k + 3*l = 423. What is the hundreds digit of k?
1
Suppose -a + 14*a = 10166. What is the hundreds digit of a?
7
Let r be (-441)/9 + 0 + -4. Let y = 143 + r. What is the tens digit of y?
9
Let t(f) = -f**3 + 17*f**2 - 17*f - 30. Let o be t(17). Let z = -204 - o. What is the tens digit of z?
1
Let f = -260 - -635. What is the units digit of f?
5
Suppose -5*k = 5*c - 8833 - 1872, 4 = 4*c. What is the thousands digit of k?
2
Let i = 101 - 111. Let o = 9 - i. What is the tens digit of o?
1
Suppose 8*a - 22*a + 9758 = 0. What is the units digit of a?
7
Let v(o) = 2*o**3 - 12*o**2 + 21*o + 9. What is the tens digit of v(7)?
5
Suppose 56*m - 80*m + 65160 = 0. What is the hundreds digit of m?
7
Let p(j) = 141*j + 390. What is the hundreds digit of p(19)?
0
Suppose 2*j - 5*a + 157 + 16 = 0, 4*a = -5*j - 449. Let d = j - -139. What is the units digit of d?
0
Suppose 0*v + 20 = v. Let j = -17 + v. Suppose -76 = -j*g - 4. What is the units digit of g?
4
Let l be 7/2*(-4 - -6). Suppose -l*r - 24 = -451. Suppose -3*t - 7 = -r. What is the units digit of t?
8
Suppose 942 + 198 = 4*t. Suppose 14*j + t = 19*j. What is the units digit of j?
7
Suppose -5*z - y + 344 = -0*y, -5*z + y = -346. Let q = 1 + -48. Let d = z + q. What is the units digit of d?
2
Let w(s) = s**2 + 2*s - 4. Let f be w(2). Suppose x + 378 = 5*n + f*x, -5*x = 5*n - 380. What is the tens digit of n?
7
Suppose h - 3*n = 4867, 14633 = 3*h + 32*n - 33*n. What is the tens digit of h?
7
Let b(v) = 2*v**3 - 30*v**2 - 23*v + 34. What is the units digit of b(18)?
4
Suppose 28*p = 20093 + 4071. What is the units digit of p?
3
Let z = -7675 - -12925. Suppose 2*m = 23*m - z. What is the units digit of m?
0
Let b(t) = -114*t + 232. Let w be b(2). Suppose 3*c - 30 = -2*c. Suppose -w*o - 62 = -c*o. What is the units digit of o?
1
Let i(d) = -3*d**3 + 2*d**2 - d - 1. Let z be (-2 + 24/9)*-3. Let y be i(z). Suppose y = p - 28. What is the tens digit of p?
6
What is the units digit of 60606/56 - (-10)/(-8)?
1
Let h(n) = -n**3 + 21*n**2 + 10*n - 4. Let c be h(14). What is the units digit of c/10 + (-3)/(-15)?
1
Suppose -4*s - 13236 = -4*r, 4*r - 4*s = 6*r - 6630. What is the hundreds digit of r?
3
Let h(w) = 43*w**2 - 4*w + 1. What is the units digit of h(1)?
0
Let m(z) = 109*z**2 - 3*z + 21. What is the tens digit of m(4)?
5
Let y(q) = -q**3 + 2*q**2 + 6*q + 2902. What is the units digit of y(0)?
2
Let c(x) = -x**2 - 7*x + 4. Let o(m) = m**2 + 6*m - 5. Let j(k) = 6*c(k) + 5*o(k). Let l = -2 - 8. What is the tens digit of j(l)?
1
Let d = 1916 - 911. What is the tens digit of d?
0
Suppose 5*a - j = -72, -5*j - 2 = 13. Let z be (-3)/5 - (-6)/a. What is the units digit of z/2 + (-76)/(-8)?
9
Let r(z) = z**3 - 5*z**2 - z - 5. Let a(f) = -f**3 + 5*f**2 + 9*f - 7. Let o be a(6). Let d = 17 - o. What is the tens digit of r(d)?
2
Let h = -67 - -46. Let q = h + 22. Suppose 0 = -0*m - m + q. What is the units digit of m?
1
Let h be 2 - (-1 - (-4 - -4)). Suppose -1 = -x - p, x + h*p = -0 + 3. Suppose -s - 5*w + 14 = x, -3*w + 24 = 4*s - 15. What is the units digit of s?
9
Let z = -1883 + 3386. What is the tens digit of z?
0
Let u = -2915 - -7036. What is the thousands digit of u?
4
What is the tens digit of (1 + 0)/(13/195)?
1
Suppose 0*s + 3*s = 3*i + 102, -116 = -3*s - 4*i. Let b = s + -34. Suppose -h - 1 = -b. What is the units digit of h?
1
Suppose -4*f - 5*c + 352 + 1781 = 0, 0 = 3*f - 3*c - 1593. What is the units digit of f?
2
What is the hundreds digit of (-37932)/(-15) + -4 - (-6)/30?
5
Suppose -2762 + 53720 = 38*x. What is the tens digit of x?
4
Suppose 0 = 3*c - q - 7, 2*c - 3*q - 2*q = 22. Let g be (1 + -14)/c - 4. Let f = 44 + g. What is the units digit of f?
7
Let g(t) = -10*t**2 - 5 + 14 - 13*t - 32*t**2 - 2*t**3 + 6*t**2. What is the hundreds digit of g(-18)?
2
Let n = 193 - 71. Suppose q = 0, 3*o = -5*q - 40 + 298. Let l = n - o. What is the tens digit of l?
3
Suppose 8*v - 6*v - 740 = 0. What is the tens digit of v?
7
What is the units digit of 1965 + ((-12)/6 - 3)?
0
Let c(h) = -21*h + 48. What is the units digit of c(-6)?
4
Suppose 2*w - 114 = -3*r - 3*w, 4*w + 227 = 5*r. What is the tens digit of r?
4
What is the hundreds digit of -170*-5*14/35?
3
Suppose 58*h + 70900 = 78*h. What is the hundreds digit of h?
5
Suppose 3*k + 2*s = -0*s + 73, 3*k = -5*s + 70. Suppose 0 = 22*r - k*r + 537. What is the tens digit of r?
7
Let g(b) = 40*b - 20. Let c be g(6). Suppose 0 = -5*a + 5*z + c, z - 3*z = 0. What is the units digit of a?
4
Suppose -3623 - 993 = -4*x. What is the thousands digit of x?
1
Let o = -66 + 22. Let u = o + 103. What is the units digit of u?
9
Let y = -1 - 5. Let u(s) = -9*s + 2. What is the units digit of u(y)?
6
Let b = -155 + 284. Let h = 328 - b. What is the units digit of h?
9
Let l(c) be the second derivative of -c**4/12 + 3*c**3/2 - 3*c**2/2 - c. Let x be l(9). What is the tens digit of (-16 - -2)/(x/6)?
2
Suppose -2*c = 14 + 4. Let k = 14 + c. Suppose -106 = -k*f + 19. What is the tens digit of f?
2
Suppose 0*u = 2*u - 8. Suppose 31 = 3*f + w, f = w + w + 1. Suppose u*c + 1 - f = 0. What is the units digit of c?
2
Suppose 5*b - 6685 = v, -2*b + 41*v = 37*v - 2656. What is the tens digit of b?
3
Let y(d) = d**3 - 24*d**2 + 4*d - 47. What is the thousands digit of y(27)?
2
Suppose -6*a - 65405 = -a. Let x = 9202 + a. What is the units digit of 1/8 - x/72?
4
Let k be (-1 - 0)/(1/(-4)). Suppose -3*b + k*h - 272 = 25, -3*b - h = 297. What is the tens digit of (-1)/(-5) - b/5?
2
Let x be 2*2/(2/(-1)). Let h = x - -82. Suppose 2*k = 16 + h. What is the units digit of k?
8
Let v(t) = -t**3 - t**2 + 39. Let d = -48 - -48. What is the tens digit of v(d)?
3
Let a(i) = 21*i**2 - 14*i + 104. What is the tens digit of a(7)?
3
Let m(a) = 5*a + 19. Let j be m(-3). Suppose 176 - 32 = j*i. What is the tens digit of i?
3
Suppose -24*h + 100 = -29*h. Let d = 13 - h. What is the units digit of d?
3
Suppose 0 = 4*a - 2*d - 26, -3*d + 3 = -0*d. Suppose -68 = -i + p - a, p = -5*i + 311. What is the tens digit of i?
6
Suppose 0 = -2*r + r + 2*a + 2, -3*r - 4*a + 16 = 0. Suppose -r*d - 3*d + 455 = 0. What is the tens digit of d?
6
Suppose 5*b + 10 - 455 = -4*j, -109 = -j - 2*b. Suppose 4*p + p = w + j, w = -5*p + 105. Suppose -2 = 5*k - p. What is the units digit of k?
4
Let y be (-2)/((1/(-161))/((-6)/7)). What is the tens digit of (-1)/((4/y)/(2/3))?
4
Suppose q = -3*q, 5*h - 2610 = -4*q. What is the tens digit of h?
2
Let c(m) = m**2 - m - 3. Let b be c(4). Let q(o) = -2*o - 7. Let y be q(-6). Suppose 2*k + b = d + 1, -y*d - 2*k + 28 = 0. What is the units digit of d?
6
Suppose 1 = 9*m - 35. Suppose -5*y + 0*v - 5*v = -380, -2*y + 154 = m*v. What is the units digit of y?
5
Let w(k) = -k**2 - 2*k + 49. Let t be w(0). Let z(q) = 5*q**2 - 2*q + 1. Let c be z(1). Suppose -4*i + c*h - 8 = -52, -h = 3*i - t. What is the tens digit of i?
1
Suppose -z - 8*r = -3*r + 18, -3*z + 36 = -3*r. Let t(g) = -2*g**2 + 32*g + 36. Let q be t(17). What is the units digit of 3/(q - 13/z)?
1
Suppose 4*u - 4 = 2*w, -2*u + 3*w + 10 = -2*w. Suppose u = 3*n + n - 5*j - 172, 5*n - j = 194. What is the units digit of n?
8
Let o = -25 + 19. What is the tens digit of o/(-21) + 376/7?
5
What is the tens digit of ((-10598)/28)/(-1 + (-1)/(-2))?
5
Suppose -4*s + g = -4*g - 41, 0 = 5*s - 2*g - 30. Let i = s +